ber?
True
Let t(i) = 1674*i**2 + 37. Is t(4) a prime number?
True
Let a(o) = -6*o**3 + 2*o**2 - 14*o - 11. Let v be a(-6). Let r be (-2)/5 - 3/((-15)/22). Suppose -k = -1, 0*p = -3*p - r*k + v. Is p composite?
False
Let p be (-2 - 4/(-8)*4) + 4. Suppose -12 + 4 = -p*t. Is (-6312)/(-16) - (1 - t)/(-2) a prime number?
False
Let n(p) = 3863*p**2 - 67*p + 561. Is n(18) a prime number?
False
Suppose d - 5*d + o = -56, 0 = -2*d - 4*o + 10. Suppose -d*j = -20857 - 18832. Is j prime?
False
Let q be (-1400)/(-12)*(-1242)/(-45). Let l = q + -1877. Is l a prime number?
False
Let g be (-7604*(-5)/2)/2. Suppose l - 32928 - g = 0. Is l prime?
True
Let v(l) = l**3 + 12*l**2 + 12*l + 9. Let p be v(-11). Let q(s) = 2366*s**2 - 4*s - 5. Is q(p) a composite number?
False
Suppose -29535 = 18*p - 13*p. Let z = -940 - p. Is z prime?
True
Let s(u) = -u**3 + 6*u**2 - 9*u + 1. Let n be s(4). Is (-2)/n + -19*(-654)/18 prime?
True
Let d(m) = -561*m**3 + 12*m**2 - 14*m + 5. Is d(-6) a prime number?
True
Let j = 70594 + -14481. Is j a prime number?
True
Suppose 6*p = 14 - 2. Suppose -5*j = -2*j - 15. Suppose 0 = -j*l - p*o + 3387, -5*o = -0*o + 20. Is l composite?
True
Is 119451 - (1 + -3)/(2*9/(-18)) a composite number?
True
Suppose -64*m = 24*m - 1298455 - 1328433. Is m a prime number?
True
Suppose -5*v + 7*c - 5*c = 50, -4*v - 2*c - 22 = 0. Is ((-17774)/v)/(((-49)/28)/(-7)) prime?
True
Let g(x) = 4470*x**2 + 3*x + 3. Let d be g(-1). Suppose 7*o - d - 13597 = 0. Let l = -122 + o. Is l a composite number?
False
Suppose 0 = -j + 2*o + 192087, 24*j + 576253 = 27*j - 2*o. Is j composite?
True
Suppose 2*b = 6*b - 5*y + 89751, 2*b + 2*y = -44880. Let t = -6352 - b. Is t a composite number?
False
Let p = -83 + 39. Let w be (-80)/p + (-3 - 140/(-44)). Suppose -2*o = -2*k + 764, -w*k - 2*o = -k - 373. Is k a composite number?
False
Suppose 12*r = 162796 + 114392. Is r a prime number?
True
Suppose -4*h - h + 15 = -z, 0 = 2*z. Suppose c - h*c = c. Suppose 2*d - d - w - 1933 = 0, c = 2*d - w - 3867. Is d a prime number?
False
Let x be (-3)/((-1)/(-4) + -1) + 4703. Suppose 0 = -4*l + x + 737. Is l a prime number?
True
Let o(b) = -111403*b**3 + 6*b**2 - 2*b - 2. Is o(-1) a composite number?
False
Let r(i) = 165*i**2 - 7*i + 123. Is r(-15) a composite number?
True
Let y(b) = -2*b**2 + 23*b - 59. Let c be y(4). Let m(l) = 0 + 1221*l - 6 + 4. Is m(c) prime?
False
Let w(n) = -16*n + 198. Let m be w(-19). Suppose k - t + 57 - m = 0, 5*t = -4*k + 1816. Is k prime?
True
Let i = -18886 + 36687. Is i prime?
False
Let i(h) be the first derivative of h**3/3 - 6*h**2 + 13*h - 3. Let c be i(11). Suppose 5*o - 370 = -c*v + v, -5 = o. Is v composite?
True
Suppose -3*a + 2*d + 811587 = 0, -1082096 = -4*a + 63*d - 57*d. Is a a prime number?
False
Let s be (88/33)/(6/27*3). Suppose 4*h - s*n = -2*n + 6968, 4*h + 4*n = 6956. Is h a prime number?
True
Suppose -16*h = 15*h + 13*h - 13643036. Is h composite?
True
Suppose -1007182 = -13*m - 120387. Suppose 5*r + m = 3*a, -14*r + 10*r = a - 22727. Is a composite?
True
Suppose -5*w = -28 + 103. Let a be (-3)/w - (-18568)/10. Let i = a - 1019. Is i a composite number?
True
Suppose -2*p - 6 = -2*q, -3*p = 5*q - p - 15. Suppose q*u = d - 17, -2*u = -7*u - 15. Suppose 3*o + d*o - 15389 = 0. Is o prime?
True
Let y(k) = -k**2 - 30*k - 4. Let v be y(-14). Suppose 0 = 4*l + v + 288. Is (-8 + 5)*l*1 prime?
False
Suppose 5*b = -2*v + 202, -v + 5*v + 5*b - 394 = 0. Suppose v = -6*d - 0*d. Let w(t) = -t**3 - 14*t**2 + 21*t + 35. Is w(d) a composite number?
False
Let q = 1088416 + 102505. Is q a prime number?
False
Suppose h - 76133 + 390315 = 23*h. Is h composite?
False
Let l(n) = -n**3 - 5*n**2 - 5*n - 1. Let v be l(-4). Suppose 1086 = -3*q - 2*m, 0 = 2*q + v*q - 2*m + 1826. Let b = q + 1623. Is b composite?
False
Suppose 5*k + 41 = 866. Let n = 1403 - 1956. Let m = k - n. Is m a composite number?
True
Let q = 3922 + -3913. Let c(y) = -y**3 - y + 1. Let m(t) = 13*t**3 - 22*t**2 - 3*t + 14. Let a(x) = 3*c(x) + m(x). Is a(q) prime?
True
Let o(f) = 4*f + 45. Let r be o(-11). Is (-2 + 7 + 732)/r a composite number?
True
Suppose q + k + 3390 = -4*q, -2712 = 4*q + 4*k. Is ((-4)/40*5)/(1/q) composite?
True
Let w(z) = 7*z**2 - 3*z - 15. Suppose -10*b + 5*b = 115. Let n = -15 - b. Is w(n) a prime number?
True
Suppose 86*h - 13103912 = 1799114. Is h composite?
False
Let a be 0*5/(-7 + -3). Let n(v) = -6 - 10 - 14 + a + 119*v. Is n(27) prime?
False
Let x be ((-65)/(-195))/(1/30). Is 1084/x - (-8)/120*9 a prime number?
True
Is (-10)/15*((-1119715)/10 - 8) composite?
False
Suppose 2*b - 2046 = -q, -4*b - 4*q - 516 + 4612 = 0. Let a(k) = 2*k - k - 7 - 28*k**3 - 1023*k**2 + b*k**2. Is a(-3) a prime number?
False
Let a(u) = 1589*u**2 + 26*u + 5. Let v(s) = s**2 - 6*s + 1. Let z(w) = a(w) + 6*v(w). Is z(2) composite?
True
Suppose -50*a + 49*a = -4*z - 24579, 4*z - 73769 = -3*a. Is a prime?
False
Let g(o) = 55*o + 34. Let v be g(-2). Let c = 115 + v. Is c prime?
False
Let x = 19 - 17. Let g be 3 - (-3 - (390 + x)). Let b = g + 345. Is b prime?
True
Let b = -11988 + 50507. Is b a composite number?
True
Suppose 3*o - 20 = -2*o. Suppose -o*y = -3*p - 11839, 2*p - 11834 = y - 5*y. Is y a prime number?
False
Suppose c - 25418 - 1602 = 0. Suppose 11*b = -9*b + c. Is b a prime number?
False
Let g(l) = -775*l - 141. Let t be g(14). Let y = 47646 + t. Is y composite?
True
Suppose 0 = 4*o - 1737 - 535. Suppose 5*h = -r - 946, -4*h + 31*r = 34*r + 759. Let a = h + o. Is a prime?
True
Let s(a) = 13*a**2 + 2*a - 9. Let u = 83 - 77. Suppose 0 = u*v + 11 + 13. Is s(v) prime?
True
Suppose -3*z + 406229 = i, 10*i - 9*i - 4*z - 406271 = 0. Is i composite?
False
Suppose 2515562 + 462386 = 23*w. Suppose 0 = 19*p + 48175 - w. Is p prime?
False
Let d be (-6)/(18/(-21))*(-1 + 2). Suppose 2*z + d - 429 = 0. Let c = z + -93. Is c prime?
False
Let h(c) = 2*c**2 + 8*c - 61. Let w be h(-8). Suppose -8*f + 4*f = -j - 15956, -j - 11967 = -w*f. Is f a prime number?
True
Let h(q) = 309*q**2 + 27*q + 169. Is h(19) prime?
False
Let z be (780 - (1 - 2))/(6/(-12)). Let y = -823 - z. Is y a prime number?
True
Let b(s) = -18354*s + 1159. Is b(-8) a composite number?
True
Let m be ((-60)/(-16))/(-5) - 7726/(-8). Suppose 60*x = 61*x. Suppose x = -11*v + 10*v + m. Is v a prime number?
False
Let m(o) = -o**3 - 18*o**2 - 58*o - 35. Let g be m(-14). Is ((-66)/(-21))/11 - 18233/g a composite number?
True
Let u(y) = -558*y + 307. Let l be u(-7). Let r = 8556 + l. Is r prime?
False
Suppose 98272 = y - 5*x - 210876, -3*x = -5*y + 1545586. Is y composite?
True
Let x(z) = -583*z - 184 + 1 - 67 + 23. Is x(-6) a prime number?
True
Let n(y) = 2642*y - 329. Is n(11) a prime number?
False
Suppose -10*u = -27988 - 16742. Suppose j - u - 21961 = 0. Is j composite?
True
Let n(c) = -c**3 + 10*c**2 - 8*c - 115. Let q(l) = 3*l**3 - 18*l**2 + 15*l + 227. Let x(z) = -5*n(z) - 2*q(z). Is x(-34) prime?
True
Let f(j) = -2*j**3 - 43*j**2 - 46*j - 22. Let r be f(-23). Suppose 8*l = 1145 + r. Is l a composite number?
True
Let w(k) = -k**2 + 22. Let s be w(17). Let d = s + 400. Let y = 1344 - d. Is y composite?
True
Let z(d) = -d**3 + 16*d**2 + 6*d + 10. Let n be z(10). Let q = 1069 + n. Is q prime?
False
Suppose 9339437 + 1134963 = 160*q. Is q a composite number?
True
Let r be (7/4 + -1)/(6/3840). Let z = r - -5393. Is z a composite number?
True
Suppose -133*b - 528426 = -3996138 - 5774591. Is b composite?
False
Let q(d) = 207*d**2 + 23*d + 61. Is q(15) a composite number?
True
Let p(o) = 177*o**2 - 60*o + 375. Is p(6) a prime number?
False
Let m(i) be the third derivative of -9*i**4/2 + 17*i**3/6 - 3*i**2. Suppose 2*r - 5*w = -2 - 1, -4*w = -4*r - 12. Is m(r) composite?
False
Let r(p) = -2*p**2 + 11*p + 17. Let c(v) = 2*v - 19. Let u be c(13). Let m be r(u). Is 2920 + (-3 - 0) - m a composite number?
True
Let r(s) = -s**3 + 4*s**2 + 9*s - 11. Let o be r(5). Let p = 9 - o. Suppose 7*j + j - 8984 = p. Is j a composite number?
False
Let j be 3/(-27) + (-772)/18. Let b = -13 - j. Is (-39)/2*(-20)/b prime?
True
Is -6*(-3)/9*(36420/8 + -11) a composite number?
True
Let g(u) = -4*u**2 + 21*u - 4. Let s(m) = m**2 - 8*m + 17. Let b be s(6). Let p be g(b). Is p*1174*8/16 a composite number?
False
Let z(j) = -902*j**3 + 2*j**2 + 18*j + 15. Is z(-4) composite?